{"id":585,"date":"2022-03-07T11:55:12","date_gmt":"2022-03-07T11:55:12","guid":{"rendered":"https:\/\/www.labcare365.com\/?page_id=585"},"modified":"2023-05-28T17:20:41","modified_gmt":"2023-05-28T17:20:41","slug":"politica-de-privacidad","status":"publish","type":"page","link":"https:\/\/labcare365.com\/?page_id=585","title":{"rendered":"Pol\u00edtica de privacidad"},"content":{"rendered":"\n<div class=\"content-title\">\n<h1 class=\"wp-block-heading\">Pol\u00edtica de Privacidad<\/h1>\n<\/div>\n<p>LAB CARE 365 S.L., es consciente de la importancia de la normativa en vigor en materia de privacidad y protecci\u00f3n de datos. En este sentido, damos mucha importancia a la protecci\u00f3n de la seguridad, integridad, veracidad y confidencialidad de los datos proporcionados por nuestros clientes y usuarios, actuando de manera responsable y transparente al respecto. La presente Pol\u00edtica de Privacidad (en adelante, \u201cLa Pol\u00edtica\u201d) tiene por objeto informarle sobre c\u00f3mo recogemos, tratamos y protegemos los datos de car\u00e1cter personal. Asimismo, especificar la finalidad de los datos recabados as\u00ed como los fines para los cuales pueden ser utilizados por terceros, a trav\u00e9s de <a href=\"https:\/\/www.labcare365.com\/\">https:\/\/www.labcare365.com\/<\/a>\u00a0(en adelante, \u201cla Plataforma\u201d) o por cualquier otro medio como tel\u00e9fono, correo electr\u00f3nico o correo postal.<\/p>\n<p>LAB CARE 365 S.L. manifiesta que se ha intentado proporcionar una descripci\u00f3n lo m\u00e1s sencilla y clara posible de la presente Pol\u00edtica. LAB CARE 365 S.L. tiene muy presente que su privacidad es importante, por lo que le recomendamos que lea nuestra Pol\u00edtica y se ponga en contacto con nosotros si tiene cualquier duda. Nuestra Pol\u00edtica se aplica a todos los servicios ofrecidos por LAB CARE 365 S.L., pero excluye aquellos servicios que est\u00e1n sujetos a pol\u00edticas de privacidad independientes que no incorporan la presente Pol\u00edtica.<\/p>\n<p>Nuestra Pol\u00edtica no regula las actividades de tratamiento de datos de otras empresas y organizaciones que anuncien nuestros servicios y\/o productos y puedan emplear cookies, contadores de visitas y otras tecnolog\u00edas para publicar y ofrecer anuncios relevantes.<\/p>\n<h2>Alcance de la Pol\u00edtica de Privacidad<\/h2>\n<p>Esta Pol\u00edtica de Privacidad se aplica a los datos proporcionados por nuestros clientes o proveedores, personas solicitantes de informaci\u00f3n, usuarios de nuestro sitio web\u00a0<a href=\"https:\/\/www.labcare365.com\/\">https:\/\/www.labcare365.com\/<\/a>\u00a0candidatos a puestos de trabajo o terceros con los que nos podamos relacionar y cuyos datos sean necesarios para el desarrollo de nuestra actividad.<\/p>\n<p>El Responsable del tratamiento de sus datos es:<\/p>\n<p>En Espa\u00f1a:<\/p>\n<ul class=\"bullet-scharlau\">\n<li>LAB CARE 365 S.L.<\/li>\n<li>N.I.F:\u00a0 B09677089<\/li>\n<li>Direcci\u00f3n: Pol\u00edgono. Mas d\u00b4en Cisa | Carrer Josep Tura n\u00ba 11A | 08181 Sentmenat | Barcelona<\/li>\n<li>Correo electr\u00f3nico:\u00a0<a href=\"mailto:dataprotection@labcare365.com\">dataprotection@labcare365.com<\/a><\/li>\n<\/ul>\n<p>&nbsp;<\/p>\n<h2>\u00bfQu\u00e9 informaci\u00f3n recopilamos?<\/h2>\n<p>Recopilamos informaci\u00f3n personal como, por ejemplo, su nombre y apellidos, tel\u00e9fono y correo electr\u00f3nico, direcci\u00f3n, empresa, cargo en la empresa, en el momento en el que solicita informaci\u00f3n.<\/p>\n<p>Tambi\u00e9n recopilamos informaci\u00f3n que su navegador web nos env\u00eda en forma autom\u00e1tica cada vez que visita alguna de nuestras p\u00e1ginas web para analizar y mejorar su experiencia de uso y calidad general de nuestros servicios. Mediante la aceptaci\u00f3n de la presente Pol\u00edtica el usuario estar\u00e1 consintiendo la generaci\u00f3n de cookies para la finalidad antes mencionada y siempre respetando y conforme a la normativa aplicable en cada momento, en lo que a la pol\u00edtica de cookies se refiere.<\/p>\n<p>No obstante, lo anterior, en caso de que el usuario desee con posterioridad eliminar la informaci\u00f3n que se haya almacenado en su ordenador y que necesariamente precise de su consentimiento, podr\u00e1 hacerlo usando las herramientas que le proporcione su navegador a dichos efectos.<\/p>\n<h2>\u00bfCon qu\u00e9 finalidad tratamos sus datos?<\/h2>\n<p>Los datos que nos facilita son tratados con las siguientes finalidades (salvo que por el contexto se deduzca claramente que trataremos sus datos personales para una \u00fanica finalidad; por ejemplo en formularios del tipo \u201csuscribirse a las newsletters\u201d):<\/p>\n<ul class=\"bullet-scharlau\">\n<li>Controlar los accesos a nuestras instalaciones y garantizar la seguridad de los mismos;<\/li>\n<li>Gestionar su relaci\u00f3n comercial con nosotros en cuanto a los servicios ofrecidos;<\/li>\n<li>Cuando sea aplicable (porque aplique alguno de los supuestos en los que la legislaci\u00f3n vigente lo permita), enviarle nuestro bolet\u00edn electr\u00f3nico de noticias (newsletter) y enviarle comunicaciones comerciales y cualquier tipo de notificaciones por cualquier medio (postal, correo electr\u00f3nico o tel\u00e9fono) para informarle de nuestras ofertas, promociones, productos, servicios, circulares y campa\u00f1as<\/li>\n<li>Atender sus solicitudes de informaci\u00f3n;<\/li>\n<li>Realizar encuestas, estad\u00edsticas y an\u00e1lisis de tendencias de mercado;<\/li>\n<li>Conocer sus preferencias de navegaci\u00f3n en nuestras p\u00e1ginas web para poder personalizar y mejorar nuestros servicios y mantener la seguridad del sitio (seg\u00fan se le ha indicado previamente y se le rese\u00f1a en la pol\u00edtica de cookies);<\/li>\n<li>Proporcionar acceso a las \u00e1reas de cliente de acceso restringido mediante contrase\u00f1a.<\/li>\n<li>Mostrar los servicios y productos que puede ofertar LAB CARE 365 S.L.<\/li>\n<\/ul>\n<h2>Si es Ud. persona candidata a un puesto de trabajo sus datos pueden ser tratados con las siguientes finalidades:<\/h2>\n<ul class=\"bullet-scharlau\">\n<li>Informarle de las vacantes a un puesto de trabajo que se produzcan en nuestra organizaci\u00f3n;<\/li>\n<li>Llevar a cabo procesos de selecci\u00f3n de personal;<\/li>\n<li>Solicitar referencias laborales de las personas o empresas en las que Ud. preste o haya prestado sus servicios; y en su caso, para llevar a cabo su contrataci\u00f3n como persona empleada.<\/li>\n<\/ul>\n<h2>\u00bfPor cu\u00e1nto tiempo conservamos sus datos?<\/h2>\n<p>Si Ud. mantiene una relaci\u00f3n comercial con nosotros, los datos que haya facilitado con este prop\u00f3sito se conservar\u00e1n mientras se mantenga la relaci\u00f3n comercial y durante los a\u00f1os necesarios para cumplir con las obligaciones legales. En caso contrario, sus datos se conservar\u00e1n mientras no solicite el cese de la actividad.<\/p>\n<p>Si es Ud. persona candidata a un puesto de trabajo, los datos que nos haya proporcionado con dicha finalidad se conservar\u00e1n hasta la adjudicaci\u00f3n del puesto de trabajo o hasta que ejerza su derecho de cancelaci\u00f3n. En caso de no ejercer su derecho de cancelaci\u00f3n en el plazo de 2 a\u00f1os, sus datos ser\u00e1n cancelados autom\u00e1ticamente una vez transcurrido dicho plazo.<\/p>\n<h2>\u00bfCu\u00e1l es la legitimaci\u00f3n para el tratamiento de sus datos?<\/h2>\n<p>Estamos legitimados y facultados para tratar y procesar la informaci\u00f3n que nos proporcione, cuando dicha informaci\u00f3n sea necesaria para garantizar el env\u00edo de la informaci\u00f3n solicitada o la gesti\u00f3n de la Plataforma, ejecuci\u00f3n de contrato, ejecuci\u00f3n del contrato de suscripci\u00f3n para hacerte llegar informaci\u00f3n que sea de tu inter\u00e9s a trav\u00e9s de nuestros canales de comunicaci\u00f3n, obtenci\u00f3n de su consentimiento para responder a las cuestiones que nos planteas a trav\u00e9s de nuestros formularios de contacto y de comentarios y, en su caso, el cumplimiento de obligaciones por imperativo legal derivadas del Derecho de la Uni\u00f3n o de los Estados miembros.<\/p>\n<p>LAB CARE 365 S.L.\u00a0 adoptar\u00e1 las acciones necesarias para garantizar que los datos personales que recabe, almacene y procese de los interesados sean tratados de manera l\u00edcita, leal y transparente, cumpliendo con las obligaciones que resulten del ordenamiento jur\u00eddico aplicable con motivo de su actividad.<\/p>\n<p>Asimismo, mientras sea Ud. parte de nuestra clientela, tambi\u00e9n estaremos legitimados para utilizar sus datos para informarle de las ofertas, promociones, productos, servicios, circulares y campa\u00f1as que consideremos que puedan ser de su inter\u00e9s teniendo en cuenta los productos y servicios contratados con anterioridad, aunque Ud. podr\u00e1 oponerse a dicho tratamiento en cualquier momento.<\/p>\n<p>Fuera de los casos anteriores, antes de tratar sus datos siempre recabaremos su consentimiento. El consentimiento ser\u00e1 la manifestaci\u00f3n de voluntad libre, espec\u00edfica, informada e inequ\u00edvoca. Ud. tiene derecho a revocar el consentimiento prestado, sin car\u00e1cter retroactivo, en cualquier momento.<\/p>\n<h2>\u00bfA qui\u00e9n comunicamos sus datos?<\/h2>\n<p>Sus datos podr\u00e1n ser comunicados a otras empresas del Grupo LAB CARE 365 S.L., dentro de la Uni\u00f3n Europea, as\u00ed como a los socios y socias comerciales con los que mantenemos acuerdos comerciales, para ser tratados conforme a las finalidades antes mencionadas.<\/p>\n<h2>\u00bfSus datos personales ser\u00e1n transferidos a terceros pa\u00edses u organizaciones internacionales?<\/h2>\n<p>S\u00ed, le informamos que podemos compartir informaci\u00f3n con algunas empresas que est\u00e1n ubicadas fuera del Espacio Econ\u00f3mico Europeo. En tal caso, LAB CARE 365 S.L. \u00fanicamente transferir\u00e1 sus datos si est\u00e1 legitimada para ello, y previo cumplimiento de las garant\u00edas establecidas en el art\u00edculo 44 al 50 del RGPD.<\/p>\n<p>En otras comunicaciones, LAB CARE 365 S.L. le dar\u00e1 m\u00e1s detalles sobre las transferencias internacionales que le afecten a Usted.<\/p>\n<h2>\u00bfQu\u00e9 derechos le amparan en relaci\u00f3n al tratamiento de sus datos?<\/h2>\n<p>Ud. tiene derecho a obtener informaci\u00f3n sobre el tratamiento que LAB CARE 365 S.L. realiza sobre sus datos personales. En concreto:<\/p>\n<ul class=\"bullet-scharlau\">\n<li>Tiene derecho a si acceder a sus datos personales para conocer qu\u00e9 datos personales estamos tratando que le conciernen, as\u00ed como a solicitar la rectificaci\u00f3n de los datos inexactos o, en su caso, solicitar su supresi\u00f3n cuando, entre otros motivos, los datos ya no sean necesarios para los fines que fueron recogidos.<\/li>\n<li>En determinadas circunstancias, podr\u00e1 solicitar la limitaci\u00f3n del tratamiento de sus datos, en cuyo caso \u00fanicamente los conservaremos para el ejercicio o la defensa de reclamaciones.<\/li>\n<li>En determinadas circunstancias y por motivos relacionados con su situaci\u00f3n particular, podr\u00e1 oponerse al tratamiento de sus datos. LAB CARE 365 S.L. dejar\u00e1 de tratar sus datos, salvo por motivos leg\u00edtimos imperiosos, o el ejercicio o la defensa de posibles reclamaciones.<\/li>\n<li>Tendr\u00e1 derecho a la portabilidad, es decir, a que los datos personales que hubiera facilitado, se transmitan directamente a otro persona responsable en formato estructurado, de uso com\u00fan y lectura mec\u00e1nica, cuando t\u00e9cnicamente fuera posible.<\/li>\n<\/ul>\n<p>Ud. puede ejercer los referidos derechos dirigiendo un e-mail a la direcci\u00f3n electr\u00f3nica\u00a0<a href=\"mailto:dataprotection@labcare365.com\">dataprotection@labcare365.com<\/a>. Responderemos a sus peticiones a la mayor brevedad posible y, en todo caso, en el plazo de un (1) mes desde la recepci\u00f3n de su solicitud. En determinadas circunstancias, dicho plazo podr\u00e1 prorrogarse otros dos (2) meses, en cuyo caso le informaremos oportunamente dentro del plazo de un (1) mes desde la recepci\u00f3n de su solicitud.<\/p>\n<p>Si Ud. cree que el tratamiento de sus datos personales infringe la normativa sobre protecci\u00f3n de datos, o bien si cree que no hemos satisfecho el ejercicio de sus derechos, Ud. puede presentar una reclamaci\u00f3n ante la autoridad de control competente seg\u00fan su lugar de residencia. Ud. puede consultar las diferentes autoridades de control en el siguiente enlace\u00a0<a href=\"http:\/\/www.agpd.es\/portalwebAGPD\/enlaces\/index-ides-idphp.php\">http:\/\/www.agpd.es\/portalwebAGPD\/enlaces\/index-ides-idphp.php<\/a>.<\/p>\n<p>En todo caso, antes de iniciar cualquier reclamaci\u00f3n, le rogamos que se ponga en contacto con nosotros mediante\u00a0<a href=\"mailto:dataprotection@scharlab.com\">dataprotection@<\/a><a href=\"mailto:dataprotection@labcare365.com\">labcare365<\/a><a href=\"mailto:dataprotection@scharlab.com\">.com<\/a> o mediante correo postal a Direcci\u00f3n: LAB CARE 365 S.L., Pol\u00edgono. Mas d\u00b4en Cisa | Carrer Josep Tura n\u00ba 11A | 08181 Sentmenat | Barcelona con la finalidad de intentar solucionar cualquier discrepancia de forma amistosa.<\/p>\n<h2>\u00bfUd. tiene derecho a retirar su consentimiento?<\/h2>\n<p>S\u00ed, en cualquier momento Ud. podr\u00e1 retirar su consentimiento para el tratamiento de sus datos para una o varias de las finalidades arriba indicadas y para las que haya prestado su consentimiento.<\/p>\n<h2>\u00bfCabe la opci\u00f3n a modificar la presente Pol\u00edtica de Privacidad?<\/h2>\n<p>Nuestra Pol\u00edtica de Privacidad se podr\u00e1 modificar en cualquier momento. No limitaremos los derechos que le correspondan con arreglo a la presente Pol\u00edtica de Privacidad ni realizaremos modificaciones de especial relevancia de la Pol\u00edtica de Privacidad sin su expreso consentimiento. Publicaremos todas las modificaciones de la presente Pol\u00edtica de Privacidad en esta p\u00e1gina y, si son significativas, efectuaremos una notificaci\u00f3n m\u00e1s destacada.<\/p>\n","protected":false},"excerpt":{"rendered":"<p>Pol\u00edtica de Privacidad LAB CARE 365 S.L., es consciente de la importancia de la normativa en vigor en materia de privacidad y protecci\u00f3n de datos. En este sentido, damos mucha importancia a la protecci\u00f3n de la seguridad, integridad, veracidad y confidencialidad de los datos proporcionados por nuestros clientes y usuarios, actuando de manera responsable y [&hellip;]<\/p>\n","protected":false},"author":1,"featured_media":0,"parent":0,"menu_order":0,"comment_status":"closed","ping_status":"closed","template":"","meta":{"footnotes":""},"class_list":["post-585","page","type-page","status-publish","hentry"],"yoast_head":"<!-- This site is optimized with the Yoast SEO plugin v26.6 - https:\/\/yoast.com\/wordpress\/plugins\/seo\/ -->\n<title>Pol\u00edtica de privacidad - Lab Care 365 S.L.<\/title>\n<meta name=\"robots\" content=\"index, follow, max-snippet:-1, max-image-preview:large, max-video-preview:-1\" \/>\n<link rel=\"canonical\" href=\"https:\/\/labcare365.com\/?page_id=585\" \/>\n<meta property=\"og:locale\" content=\"es_ES\" \/>\n<meta property=\"og:type\" content=\"article\" \/>\n<meta property=\"og:title\" content=\"Pol\u00edtica de privacidad - Lab Care 365 S.L.\" \/>\n<meta property=\"og:description\" content=\"Pol\u00edtica de Privacidad LAB CARE 365 S.L., es consciente de la importancia de la normativa en vigor en materia de privacidad y protecci\u00f3n de datos. En este sentido, damos mucha importancia a la protecci\u00f3n de la seguridad, integridad, veracidad y confidencialidad de los datos proporcionados por nuestros clientes y usuarios, actuando de manera responsable y [&hellip;]\" \/>\n<meta property=\"og:url\" content=\"https:\/\/labcare365.com\/?page_id=585\" \/>\n<meta property=\"og:site_name\" content=\"Lab Care 365 S.L.\" \/>\n<meta property=\"article:publisher\" content=\"https:\/\/www.facebook.com\/profile.php?id=100082110493705\" \/>\n<meta property=\"article:modified_time\" content=\"2023-05-28T17:20:41+00:00\" \/>\n<meta property=\"og:image\" content=\"https:\/\/labcare365.com\/wp-content\/uploads\/2025\/10\/logLC365-seo.png\" \/>\n\t<meta property=\"og:image:width\" content=\"1200\" \/>\n\t<meta property=\"og:image:height\" content=\"675\" \/>\n\t<meta property=\"og:image:type\" content=\"image\/png\" \/>\n<meta name=\"twitter:card\" content=\"summary_large_image\" \/>\n<meta name=\"twitter:label1\" content=\"Tiempo de lectura\" \/>\n\t<meta name=\"twitter:data1\" content=\"8 minutos\" \/>\n<script type=\"application\/ld+json\" class=\"yoast-schema-graph\">{\"@context\":\"https:\/\/schema.org\",\"@graph\":[{\"@type\":\"WebPage\",\"@id\":\"https:\/\/labcare365.com\/?page_id=585\",\"url\":\"https:\/\/labcare365.com\/?page_id=585\",\"name\":\"Pol\u00edtica de privacidad - Lab Care 365 S.L.\",\"isPartOf\":{\"@id\":\"https:\/\/labcare365.com\/#website\"},\"datePublished\":\"2022-03-07T11:55:12+00:00\",\"dateModified\":\"2023-05-28T17:20:41+00:00\",\"breadcrumb\":{\"@id\":\"https:\/\/labcare365.com\/?page_id=585#breadcrumb\"},\"inLanguage\":\"es\",\"potentialAction\":[{\"@type\":\"ReadAction\",\"target\":[\"https:\/\/labcare365.com\/?page_id=585\"]}]},{\"@type\":\"BreadcrumbList\",\"@id\":\"https:\/\/labcare365.com\/?page_id=585#breadcrumb\",\"itemListElement\":[{\"@type\":\"ListItem\",\"position\":1,\"name\":\"Portada\",\"item\":\"https:\/\/labcare365.com\/\"},{\"@type\":\"ListItem\",\"position\":2,\"name\":\"Pol\u00edtica de privacidad\"}]},{\"@type\":\"WebSite\",\"@id\":\"https:\/\/labcare365.com\/#website\",\"url\":\"https:\/\/labcare365.com\/\",\"name\":\"labcare365.com\",\"description\":\"Lab Care 365 S.L. - Servicio t\u00e9cnico de laboratorio\",\"publisher\":{\"@id\":\"https:\/\/labcare365.com\/#organization\"},\"potentialAction\":[{\"@type\":\"SearchAction\",\"target\":{\"@type\":\"EntryPoint\",\"urlTemplate\":\"https:\/\/labcare365.com\/?s={search_term_string}\"},\"query-input\":{\"@type\":\"PropertyValueSpecification\",\"valueRequired\":true,\"valueName\":\"search_term_string\"}}],\"inLanguage\":\"es\"},{\"@type\":\"Organization\",\"@id\":\"https:\/\/labcare365.com\/#organization\",\"name\":\"labcare 365 s.l.\",\"alternateName\":\"Servicio t\u00e9cnico de laboratorio\",\"url\":\"https:\/\/labcare365.com\/\",\"logo\":{\"@type\":\"ImageObject\",\"inLanguage\":\"es\",\"@id\":\"https:\/\/labcare365.com\/#\/schema\/logo\/image\/\",\"url\":\"https:\/\/labcare365.com\/wp-content\/uploads\/2023\/05\/cropped-icoLABcare365.png\",\"contentUrl\":\"https:\/\/labcare365.com\/wp-content\/uploads\/2023\/05\/cropped-icoLABcare365.png\",\"width\":512,\"height\":512,\"caption\":\"labcare 365 s.l.\"},\"image\":{\"@id\":\"https:\/\/labcare365.com\/#\/schema\/logo\/image\/\"},\"sameAs\":[\"https:\/\/www.facebook.com\/profile.php?id=100082110493705\",\"https:\/\/www.linkedin.com\/company\/labcare365\/\"]}]}<\/script>\n<!-- \/ Yoast SEO plugin. -->","yoast_head_json":{"title":"Pol\u00edtica de privacidad - Lab Care 365 S.L.","robots":{"index":"index","follow":"follow","max-snippet":"max-snippet:-1","max-image-preview":"max-image-preview:large","max-video-preview":"max-video-preview:-1"},"canonical":"https:\/\/labcare365.com\/?page_id=585","og_locale":"es_ES","og_type":"article","og_title":"Pol\u00edtica de privacidad - Lab Care 365 S.L.","og_description":"Pol\u00edtica de Privacidad LAB CARE 365 S.L., es consciente de la importancia de la normativa en vigor en materia de privacidad y protecci\u00f3n de datos. En este sentido, damos mucha importancia a la protecci\u00f3n de la seguridad, integridad, veracidad y confidencialidad de los datos proporcionados por nuestros clientes y usuarios, actuando de manera responsable y [&hellip;]","og_url":"https:\/\/labcare365.com\/?page_id=585","og_site_name":"Lab Care 365 S.L.","article_publisher":"https:\/\/www.facebook.com\/profile.php?id=100082110493705","article_modified_time":"2023-05-28T17:20:41+00:00","og_image":[{"width":1200,"height":675,"url":"https:\/\/labcare365.com\/wp-content\/uploads\/2025\/10\/logLC365-seo.png","type":"image\/png"}],"twitter_card":"summary_large_image","twitter_misc":{"Tiempo de lectura":"8 minutos"},"schema":{"@context":"https:\/\/schema.org","@graph":[{"@type":"WebPage","@id":"https:\/\/labcare365.com\/?page_id=585","url":"https:\/\/labcare365.com\/?page_id=585","name":"Pol\u00edtica de privacidad - Lab Care 365 S.L.","isPartOf":{"@id":"https:\/\/labcare365.com\/#website"},"datePublished":"2022-03-07T11:55:12+00:00","dateModified":"2023-05-28T17:20:41+00:00","breadcrumb":{"@id":"https:\/\/labcare365.com\/?page_id=585#breadcrumb"},"inLanguage":"es","potentialAction":[{"@type":"ReadAction","target":["https:\/\/labcare365.com\/?page_id=585"]}]},{"@type":"BreadcrumbList","@id":"https:\/\/labcare365.com\/?page_id=585#breadcrumb","itemListElement":[{"@type":"ListItem","position":1,"name":"Portada","item":"https:\/\/labcare365.com\/"},{"@type":"ListItem","position":2,"name":"Pol\u00edtica de privacidad"}]},{"@type":"WebSite","@id":"https:\/\/labcare365.com\/#website","url":"https:\/\/labcare365.com\/","name":"labcare365.com","description":"Lab Care 365 S.L. - Servicio t\u00e9cnico de laboratorio","publisher":{"@id":"https:\/\/labcare365.com\/#organization"},"potentialAction":[{"@type":"SearchAction","target":{"@type":"EntryPoint","urlTemplate":"https:\/\/labcare365.com\/?s={search_term_string}"},"query-input":{"@type":"PropertyValueSpecification","valueRequired":true,"valueName":"search_term_string"}}],"inLanguage":"es"},{"@type":"Organization","@id":"https:\/\/labcare365.com\/#organization","name":"labcare 365 s.l.","alternateName":"Servicio t\u00e9cnico de laboratorio","url":"https:\/\/labcare365.com\/","logo":{"@type":"ImageObject","inLanguage":"es","@id":"https:\/\/labcare365.com\/#\/schema\/logo\/image\/","url":"https:\/\/labcare365.com\/wp-content\/uploads\/2023\/05\/cropped-icoLABcare365.png","contentUrl":"https:\/\/labcare365.com\/wp-content\/uploads\/2023\/05\/cropped-icoLABcare365.png","width":512,"height":512,"caption":"labcare 365 s.l."},"image":{"@id":"https:\/\/labcare365.com\/#\/schema\/logo\/image\/"},"sameAs":["https:\/\/www.facebook.com\/profile.php?id=100082110493705","https:\/\/www.linkedin.com\/company\/labcare365\/"]}]}},"_links":{"self":[{"href":"https:\/\/labcare365.com\/index.php?rest_route=\/wp\/v2\/pages\/585","targetHints":{"allow":["GET"]}}],"collection":[{"href":"https:\/\/labcare365.com\/index.php?rest_route=\/wp\/v2\/pages"}],"about":[{"href":"https:\/\/labcare365.com\/index.php?rest_route=\/wp\/v2\/types\/page"}],"author":[{"embeddable":true,"href":"https:\/\/labcare365.com\/index.php?rest_route=\/wp\/v2\/users\/1"}],"replies":[{"embeddable":true,"href":"https:\/\/labcare365.com\/index.php?rest_route=%2Fwp%2Fv2%2Fcomments&post=585"}],"version-history":[{"count":1,"href":"https:\/\/labcare365.com\/index.php?rest_route=\/wp\/v2\/pages\/585\/revisions"}],"predecessor-version":[{"id":1538,"href":"https:\/\/labcare365.com\/index.php?rest_route=\/wp\/v2\/pages\/585\/revisions\/1538"}],"wp:attachment":[{"href":"https:\/\/labcare365.com\/index.php?rest_route=%2Fwp%2Fv2%2Fmedia&parent=585"}],"curies":[{"name":"wp","href":"https:\/\/api.w.org\/{rel}","templated":true}]}}