{"id":5617,"date":"2026-03-30T11:54:59","date_gmt":"2026-03-30T11:54:59","guid":{"rendered":"https:\/\/labcare365.com\/?page_id=5617"},"modified":"2026-03-30T12:26:38","modified_gmt":"2026-03-30T12:26:38","slug":"preventia-3","status":"publish","type":"page","link":"https:\/\/labcare365.com\/?page_id=5617","title":{"rendered":"PreventIA-CAT"},"content":{"rendered":"\t\t<div data-elementor-type=\"wp-page\" data-elementor-id=\"5617\" class=\"elementor elementor-5617\">\n\t\t\t\t\t\t<section class=\"elementor-section elementor-top-section elementor-element elementor-element-35a11c5 elementor-section-boxed elementor-section-height-default elementor-section-height-default\" data-id=\"35a11c5\" data-element_type=\"section\" data-settings=\"{&quot;background_background&quot;:&quot;classic&quot;,&quot;animation&quot;:&quot;none&quot;}\">\n\t\t\t\t\t\t<div class=\"elementor-container elementor-column-gap-default\">\n\t\t\t\t\t<div class=\"elementor-column elementor-col-100 elementor-top-column elementor-element elementor-element-381a344\" data-id=\"381a344\" data-element_type=\"column\">\n\t\t\t<div class=\"elementor-widget-wrap elementor-element-populated\">\n\t\t\t\t\t\t<section class=\"elementor-section elementor-inner-section elementor-element elementor-element-34bab39 elementor-section-boxed elementor-section-height-default elementor-section-height-default\" data-id=\"34bab39\" data-element_type=\"section\">\n\t\t\t\t\t\t<div class=\"elementor-container elementor-column-gap-default\">\n\t\t\t\t\t<div class=\"elementor-column elementor-col-100 elementor-inner-column elementor-element elementor-element-19c6693\" data-id=\"19c6693\" data-element_type=\"column\">\n\t\t\t<div class=\"elementor-widget-wrap elementor-element-populated\">\n\t\t\t\t\t\t<div class=\"elementor-element elementor-element-774f532 elementor-widget elementor-widget-image\" data-id=\"774f532\" data-element_type=\"widget\" data-widget_type=\"image.default\">\n\t\t\t\t<div class=\"elementor-widget-container\">\n\t\t\t\t\t\t\t\t\t\t\t\t\t\t\t<img decoding=\"async\" src=\"https:\/\/labcare365.com\/wp-content\/uploads\/elementor\/thumbs\/preventIA-logoCAT-rl9gmqpimmrj2m9a8cphnmo2tgglqb83zi3l8uhj1s.png\" title=\"preventIA-logoCAT\" alt=\"preventIA-logoCAT\" loading=\"lazy\" \/>\t\t\t\t\t\t\t\t\t\t\t\t\t\t\t<\/div>\n\t\t\t\t<\/div>\n\t\t\t\t<div class=\"elementor-element elementor-element-9cae297 elementor-widget elementor-widget-heading\" data-id=\"9cae297\" data-element_type=\"widget\" data-widget_type=\"heading.default\">\n\t\t\t\t<div class=\"elementor-widget-container\">\n\t\t\t\t\t<h3 class=\"elementor-heading-title elementor-size-default\">Entenem la<strong> IA <\/strong>com a <strong>I<\/strong>ntervenci\u00f3 i <strong>A<\/strong>ssist\u00e8ncia.<\/h3>\t\t\t\t<\/div>\n\t\t\t\t<\/div>\n\t\t\t\t<div class=\"elementor-element elementor-element-f1086b5 elementor-widget__width-initial elementor-widget elementor-widget-text-editor\" data-id=\"f1086b5\" data-element_type=\"widget\" data-widget_type=\"text-editor.default\">\n\t\t\t\t<div class=\"elementor-widget-container\">\n\t\t\t\t\t\t\t\t\t<p>Prestem un <strong>Servei T\u00e8cnic de Laboratori (express)<\/strong> realitzat per t\u00e8cnics certificats de <strong>Labcare365<\/strong>, amb formaci\u00f3 en diagn\u00f2stic multiequip i experi\u00e8ncia en instrumentaci\u00f3 de laboratori.<\/p>\t\t\t\t\t\t\t\t<\/div>\n\t\t\t\t<\/div>\n\t\t\t\t\t<\/div>\n\t\t<\/div>\n\t\t\t\t\t<\/div>\n\t\t<\/section>\n\t\t\t\t\t<\/div>\n\t\t<\/div>\n\t\t\t\t\t<\/div>\n\t\t<\/section>\n\t\t\t\t<section class=\"elementor-section elementor-top-section elementor-element elementor-element-630367f elementor-section-boxed elementor-section-height-default elementor-section-height-default\" data-id=\"630367f\" data-element_type=\"section\">\n\t\t\t\t\t\t<div class=\"elementor-container elementor-column-gap-default\">\n\t\t\t\t\t<div class=\"elementor-column elementor-col-100 elementor-top-column elementor-element elementor-element-84b646b\" data-id=\"84b646b\" data-element_type=\"column\">\n\t\t\t<div class=\"elementor-widget-wrap elementor-element-populated\">\n\t\t\t\t\t\t<div class=\"elementor-element elementor-element-5fad624 elementor-widget elementor-widget-heading\" data-id=\"5fad624\" data-element_type=\"widget\" data-widget_type=\"heading.default\">\n\t\t\t\t<div class=\"elementor-widget-container\">\n\t\t\t\t\t<h4 class=\"elementor-heading-title elementor-size-default\">El nostre proc\u00e9s:<\/h4>\t\t\t\t<\/div>\n\t\t\t\t<\/div>\n\t\t\t\t\t<\/div>\n\t\t<\/div>\n\t\t\t\t\t<\/div>\n\t\t<\/section>\n\t\t\t\t<section class=\"elementor-section elementor-top-section elementor-element elementor-element-e3a8b70 elementor-section-boxed elementor-section-height-default elementor-section-height-default\" data-id=\"e3a8b70\" data-element_type=\"section\">\n\t\t\t\t\t\t<div class=\"elementor-container elementor-column-gap-default\">\n\t\t\t\t\t<div class=\"elementor-column elementor-col-100 elementor-top-column elementor-element elementor-element-87159f6\" data-id=\"87159f6\" data-element_type=\"column\">\n\t\t\t<div class=\"elementor-widget-wrap elementor-element-populated\">\n\t\t\t\t\t\t<div class=\"elementor-element elementor-element-1da966a elementor-widget elementor-widget-image\" data-id=\"1da966a\" data-element_type=\"widget\" data-widget_type=\"image.default\">\n\t\t\t\t<div class=\"elementor-widget-container\">\n\t\t\t\t\t\t\t\t\t\t\t\t\t\t\t<img decoding=\"async\" src=\"https:\/\/labcare365.com\/wp-content\/uploads\/elementor\/thumbs\/preventIA-mapaCAT-rl9gnag8vna8mf7ys3vhkee11e19wv8ufji8ggb18o.png\" title=\"preventIA-mapaCAT\" alt=\"preventIA-mapaCAT\" loading=\"lazy\" \/>\t\t\t\t\t\t\t\t\t\t\t\t\t\t\t<\/div>\n\t\t\t\t<\/div>\n\t\t\t\t\t<\/div>\n\t\t<\/div>\n\t\t\t\t\t<\/div>\n\t\t<\/section>\n\t\t\t\t<section class=\"elementor-section elementor-top-section elementor-element elementor-element-8601361 elementor-section-boxed elementor-section-height-default elementor-section-height-default\" data-id=\"8601361\" data-element_type=\"section\">\n\t\t\t\t\t\t<div class=\"elementor-container elementor-column-gap-default\">\n\t\t\t\t\t<div class=\"elementor-column elementor-col-50 elementor-top-column elementor-element elementor-element-b964f6d\" data-id=\"b964f6d\" data-element_type=\"column\">\n\t\t\t<div class=\"elementor-widget-wrap elementor-element-populated\">\n\t\t\t\t\t\t<div class=\"elementor-element elementor-element-a109594 elementor-widget__width-initial elementor-widget elementor-widget-text-editor\" data-id=\"a109594\" data-element_type=\"widget\" data-widget_type=\"text-editor.default\">\n\t\t\t\t<div class=\"elementor-widget-container\">\n\t\t\t\t\t\t\t\t\t<h4>Fullet PreventIA<\/h4>\t\t\t\t\t\t\t\t<\/div>\n\t\t\t\t<\/div>\n\t\t\t\t\t<\/div>\n\t\t<\/div>\n\t\t\t\t<div class=\"elementor-column elementor-col-50 elementor-top-column elementor-element elementor-element-fc99825\" data-id=\"fc99825\" data-element_type=\"column\">\n\t\t\t<div class=\"elementor-widget-wrap elementor-element-populated\">\n\t\t\t\t\t\t<div class=\"elementor-element elementor-element-628b660 elementor-align-left elementor-widget__width-initial elementor-invisible elementor-widget elementor-widget-button\" data-id=\"628b660\" data-element_type=\"widget\" data-settings=\"{&quot;_animation&quot;:&quot;fadeIn&quot;}\" data-widget_type=\"button.default\">\n\t\t\t\t<div class=\"elementor-widget-container\">\n\t\t\t\t\t\t\t\t\t<div class=\"elementor-button-wrapper\">\n\t\t\t\t\t<a class=\"elementor-button elementor-button-link elementor-size-sm elementor-animation-shrink\" href=\"https:\/\/labcare365.com\/wp-content\/uploads\/2026\/03\/PreventIA-CAT.pdf\" target=\"_blank\">\n\t\t\t\t\t\t<span class=\"elementor-button-content-wrapper\">\n\t\t\t\t\t\t\t\t\t<span class=\"elementor-button-text\">obrir .pdf<\/span>\n\t\t\t\t\t<\/span>\n\t\t\t\t\t<\/a>\n\t\t\t\t<\/div>\n\t\t\t\t\t\t\t\t<\/div>\n\t\t\t\t<\/div>\n\t\t\t\t\t<\/div>\n\t\t<\/div>\n\t\t\t\t\t<\/div>\n\t\t<\/section>\n\t\t\t\t<\/div>\n\t\t","protected":false},"excerpt":{"rendered":"<p>Entenem la IA com a Intervenci\u00f3 i Assist\u00e8ncia. Prestem un Servei T\u00e8cnic de Laboratori (express) realitzat per t\u00e8cnics certificats de Labcare365, amb formaci\u00f3 en diagn\u00f2stic multiequip i experi\u00e8ncia en instrumentaci\u00f3 de laboratori. El nostre proc\u00e9s: Fullet PreventIA obrir .pdf<\/p>\n","protected":false},"author":1,"featured_media":0,"parent":0,"menu_order":0,"comment_status":"closed","ping_status":"closed","template":"","meta":{"footnotes":""},"class_list":["post-5617","page","type-page","status-publish","hentry"],"yoast_head":"<!-- This site is optimized with the Yoast SEO plugin v26.6 - https:\/\/yoast.com\/wordpress\/plugins\/seo\/ -->\n<title>PreventIA-CAT - Lab Care 365 S.L.<\/title>\n<meta name=\"robots\" content=\"index, follow, max-snippet:-1, max-image-preview:large, max-video-preview:-1\" \/>\n<link rel=\"canonical\" href=\"https:\/\/labcare365.com\/?page_id=5617\" \/>\n<meta property=\"og:locale\" content=\"es_ES\" \/>\n<meta property=\"og:type\" content=\"article\" \/>\n<meta property=\"og:title\" content=\"PreventIA-CAT - Lab Care 365 S.L.\" \/>\n<meta property=\"og:description\" content=\"Entenem la IA com a Intervenci\u00f3 i Assist\u00e8ncia. Prestem un Servei T\u00e8cnic de Laboratori (express) realitzat per t\u00e8cnics certificats de Labcare365, amb formaci\u00f3 en diagn\u00f2stic multiequip i experi\u00e8ncia en instrumentaci\u00f3 de laboratori. El nostre proc\u00e9s: Fullet PreventIA obrir .pdf\" \/>\n<meta property=\"og:url\" content=\"https:\/\/labcare365.com\/?page_id=5617\" \/>\n<meta property=\"og:site_name\" content=\"Lab Care 365 S.L.\" \/>\n<meta property=\"article:publisher\" content=\"https:\/\/www.facebook.com\/profile.php?id=100082110493705\" \/>\n<meta property=\"article:modified_time\" content=\"2026-03-30T12:26:38+00:00\" \/>\n<meta property=\"og:image\" content=\"https:\/\/labcare365.com\/wp-content\/uploads\/elementor\/thumbs\/preventIA-logoCAT-rl9gmqpimmrj2m9a8cphnmo2tgglqb83zi3l8uhj1s.png\" \/>\n<meta name=\"twitter:card\" content=\"summary_large_image\" \/>\n<script type=\"application\/ld+json\" class=\"yoast-schema-graph\">{\"@context\":\"https:\/\/schema.org\",\"@graph\":[{\"@type\":\"WebPage\",\"@id\":\"https:\/\/labcare365.com\/?page_id=5617\",\"url\":\"https:\/\/labcare365.com\/?page_id=5617\",\"name\":\"PreventIA-CAT - Lab Care 365 S.L.\",\"isPartOf\":{\"@id\":\"https:\/\/labcare365.com\/#website\"},\"primaryImageOfPage\":{\"@id\":\"https:\/\/labcare365.com\/?page_id=5617#primaryimage\"},\"image\":{\"@id\":\"https:\/\/labcare365.com\/?page_id=5617#primaryimage\"},\"thumbnailUrl\":\"https:\/\/labcare365.com\/wp-content\/uploads\/elementor\/thumbs\/preventIA-logoCAT-rl9gmqpimmrj2m9a8cphnmo2tgglqb83zi3l8uhj1s.png\",\"datePublished\":\"2026-03-30T11:54:59+00:00\",\"dateModified\":\"2026-03-30T12:26:38+00:00\",\"breadcrumb\":{\"@id\":\"https:\/\/labcare365.com\/?page_id=5617#breadcrumb\"},\"inLanguage\":\"es\",\"potentialAction\":[{\"@type\":\"ReadAction\",\"target\":[\"https:\/\/labcare365.com\/?page_id=5617\"]}]},{\"@type\":\"ImageObject\",\"inLanguage\":\"es\",\"@id\":\"https:\/\/labcare365.com\/?page_id=5617#primaryimage\",\"url\":\"https:\/\/labcare365.com\/wp-content\/uploads\/elementor\/thumbs\/preventIA-logoCAT-rl9gmqpimmrj2m9a8cphnmo2tgglqb83zi3l8uhj1s.png\",\"contentUrl\":\"https:\/\/labcare365.com\/wp-content\/uploads\/elementor\/thumbs\/preventIA-logoCAT-rl9gmqpimmrj2m9a8cphnmo2tgglqb83zi3l8uhj1s.png\"},{\"@type\":\"BreadcrumbList\",\"@id\":\"https:\/\/labcare365.com\/?page_id=5617#breadcrumb\",\"itemListElement\":[{\"@type\":\"ListItem\",\"position\":1,\"name\":\"Portada\",\"item\":\"https:\/\/labcare365.com\/\"},{\"@type\":\"ListItem\",\"position\":2,\"name\":\"PreventIA-CAT\"}]},{\"@type\":\"WebSite\",\"@id\":\"https:\/\/labcare365.com\/#website\",\"url\":\"https:\/\/labcare365.com\/\",\"name\":\"labcare365.com\",\"description\":\"Lab Care 365 S.L. - Servicio t\u00e9cnico de laboratorio\",\"publisher\":{\"@id\":\"https:\/\/labcare365.com\/#organization\"},\"potentialAction\":[{\"@type\":\"SearchAction\",\"target\":{\"@type\":\"EntryPoint\",\"urlTemplate\":\"https:\/\/labcare365.com\/?s={search_term_string}\"},\"query-input\":{\"@type\":\"PropertyValueSpecification\",\"valueRequired\":true,\"valueName\":\"search_term_string\"}}],\"inLanguage\":\"es\"},{\"@type\":\"Organization\",\"@id\":\"https:\/\/labcare365.com\/#organization\",\"name\":\"labcare 365 s.l.\",\"alternateName\":\"Servicio t\u00e9cnico de laboratorio\",\"url\":\"https:\/\/labcare365.com\/\",\"logo\":{\"@type\":\"ImageObject\",\"inLanguage\":\"es\",\"@id\":\"https:\/\/labcare365.com\/#\/schema\/logo\/image\/\",\"url\":\"https:\/\/labcare365.com\/wp-content\/uploads\/2023\/05\/cropped-icoLABcare365.png\",\"contentUrl\":\"https:\/\/labcare365.com\/wp-content\/uploads\/2023\/05\/cropped-icoLABcare365.png\",\"width\":512,\"height\":512,\"caption\":\"labcare 365 s.l.\"},\"image\":{\"@id\":\"https:\/\/labcare365.com\/#\/schema\/logo\/image\/\"},\"sameAs\":[\"https:\/\/www.facebook.com\/profile.php?id=100082110493705\",\"https:\/\/www.linkedin.com\/company\/labcare365\/\"]}]}<\/script>\n<!-- \/ Yoast SEO plugin. -->","yoast_head_json":{"title":"PreventIA-CAT - Lab Care 365 S.L.","robots":{"index":"index","follow":"follow","max-snippet":"max-snippet:-1","max-image-preview":"max-image-preview:large","max-video-preview":"max-video-preview:-1"},"canonical":"https:\/\/labcare365.com\/?page_id=5617","og_locale":"es_ES","og_type":"article","og_title":"PreventIA-CAT - Lab Care 365 S.L.","og_description":"Entenem la IA com a Intervenci\u00f3 i Assist\u00e8ncia. Prestem un Servei T\u00e8cnic de Laboratori (express) realitzat per t\u00e8cnics certificats de Labcare365, amb formaci\u00f3 en diagn\u00f2stic multiequip i experi\u00e8ncia en instrumentaci\u00f3 de laboratori. El nostre proc\u00e9s: Fullet PreventIA obrir .pdf","og_url":"https:\/\/labcare365.com\/?page_id=5617","og_site_name":"Lab Care 365 S.L.","article_publisher":"https:\/\/www.facebook.com\/profile.php?id=100082110493705","article_modified_time":"2026-03-30T12:26:38+00:00","og_image":[{"url":"https:\/\/labcare365.com\/wp-content\/uploads\/elementor\/thumbs\/preventIA-logoCAT-rl9gmqpimmrj2m9a8cphnmo2tgglqb83zi3l8uhj1s.png","type":"","width":"","height":""}],"twitter_card":"summary_large_image","schema":{"@context":"https:\/\/schema.org","@graph":[{"@type":"WebPage","@id":"https:\/\/labcare365.com\/?page_id=5617","url":"https:\/\/labcare365.com\/?page_id=5617","name":"PreventIA-CAT - Lab Care 365 S.L.","isPartOf":{"@id":"https:\/\/labcare365.com\/#website"},"primaryImageOfPage":{"@id":"https:\/\/labcare365.com\/?page_id=5617#primaryimage"},"image":{"@id":"https:\/\/labcare365.com\/?page_id=5617#primaryimage"},"thumbnailUrl":"https:\/\/labcare365.com\/wp-content\/uploads\/elementor\/thumbs\/preventIA-logoCAT-rl9gmqpimmrj2m9a8cphnmo2tgglqb83zi3l8uhj1s.png","datePublished":"2026-03-30T11:54:59+00:00","dateModified":"2026-03-30T12:26:38+00:00","breadcrumb":{"@id":"https:\/\/labcare365.com\/?page_id=5617#breadcrumb"},"inLanguage":"es","potentialAction":[{"@type":"ReadAction","target":["https:\/\/labcare365.com\/?page_id=5617"]}]},{"@type":"ImageObject","inLanguage":"es","@id":"https:\/\/labcare365.com\/?page_id=5617#primaryimage","url":"https:\/\/labcare365.com\/wp-content\/uploads\/elementor\/thumbs\/preventIA-logoCAT-rl9gmqpimmrj2m9a8cphnmo2tgglqb83zi3l8uhj1s.png","contentUrl":"https:\/\/labcare365.com\/wp-content\/uploads\/elementor\/thumbs\/preventIA-logoCAT-rl9gmqpimmrj2m9a8cphnmo2tgglqb83zi3l8uhj1s.png"},{"@type":"BreadcrumbList","@id":"https:\/\/labcare365.com\/?page_id=5617#breadcrumb","itemListElement":[{"@type":"ListItem","position":1,"name":"Portada","item":"https:\/\/labcare365.com\/"},{"@type":"ListItem","position":2,"name":"PreventIA-CAT"}]},{"@type":"WebSite","@id":"https:\/\/labcare365.com\/#website","url":"https:\/\/labcare365.com\/","name":"labcare365.com","description":"Lab Care 365 S.L. - Servicio t\u00e9cnico de laboratorio","publisher":{"@id":"https:\/\/labcare365.com\/#organization"},"potentialAction":[{"@type":"SearchAction","target":{"@type":"EntryPoint","urlTemplate":"https:\/\/labcare365.com\/?s={search_term_string}"},"query-input":{"@type":"PropertyValueSpecification","valueRequired":true,"valueName":"search_term_string"}}],"inLanguage":"es"},{"@type":"Organization","@id":"https:\/\/labcare365.com\/#organization","name":"labcare 365 s.l.","alternateName":"Servicio t\u00e9cnico de laboratorio","url":"https:\/\/labcare365.com\/","logo":{"@type":"ImageObject","inLanguage":"es","@id":"https:\/\/labcare365.com\/#\/schema\/logo\/image\/","url":"https:\/\/labcare365.com\/wp-content\/uploads\/2023\/05\/cropped-icoLABcare365.png","contentUrl":"https:\/\/labcare365.com\/wp-content\/uploads\/2023\/05\/cropped-icoLABcare365.png","width":512,"height":512,"caption":"labcare 365 s.l."},"image":{"@id":"https:\/\/labcare365.com\/#\/schema\/logo\/image\/"},"sameAs":["https:\/\/www.facebook.com\/profile.php?id=100082110493705","https:\/\/www.linkedin.com\/company\/labcare365\/"]}]}},"_links":{"self":[{"href":"https:\/\/labcare365.com\/index.php?rest_route=\/wp\/v2\/pages\/5617","targetHints":{"allow":["GET"]}}],"collection":[{"href":"https:\/\/labcare365.com\/index.php?rest_route=\/wp\/v2\/pages"}],"about":[{"href":"https:\/\/labcare365.com\/index.php?rest_route=\/wp\/v2\/types\/page"}],"author":[{"embeddable":true,"href":"https:\/\/labcare365.com\/index.php?rest_route=\/wp\/v2\/users\/1"}],"replies":[{"embeddable":true,"href":"https:\/\/labcare365.com\/index.php?rest_route=%2Fwp%2Fv2%2Fcomments&post=5617"}],"version-history":[{"count":8,"href":"https:\/\/labcare365.com\/index.php?rest_route=\/wp\/v2\/pages\/5617\/revisions"}],"predecessor-version":[{"id":5646,"href":"https:\/\/labcare365.com\/index.php?rest_route=\/wp\/v2\/pages\/5617\/revisions\/5646"}],"wp:attachment":[{"href":"https:\/\/labcare365.com\/index.php?rest_route=%2Fwp%2Fv2%2Fmedia&parent=5617"}],"curies":[{"name":"wp","href":"https:\/\/api.w.org\/{rel}","templated":true}]}}