{"id":3320,"date":"2024-09-27T08:44:11","date_gmt":"2024-09-27T08:44:11","guid":{"rendered":"https:\/\/labcare365.com\/?page_id=3320"},"modified":"2025-07-15T07:53:47","modified_gmt":"2025-07-15T07:53:47","slug":"missio-vissio","status":"publish","type":"page","link":"https:\/\/labcare365.com\/?page_id=3320","title":{"rendered":"Missi\u00f3 | Vissi\u00f3"},"content":{"rendered":"\t\t<div data-elementor-type=\"wp-page\" data-elementor-id=\"3320\" class=\"elementor elementor-3320\">\n\t\t\t\t\t\t<section class=\"elementor-section elementor-top-section elementor-element elementor-element-ff414dd elementor-section-boxed elementor-section-height-default elementor-section-height-default\" data-id=\"ff414dd\" data-element_type=\"section\">\n\t\t\t\t\t\t<div class=\"elementor-container elementor-column-gap-default\">\n\t\t\t\t\t<div class=\"elementor-column elementor-col-100 elementor-top-column elementor-element elementor-element-d593a0d\" data-id=\"d593a0d\" data-element_type=\"column\">\n\t\t\t<div class=\"elementor-widget-wrap elementor-element-populated\">\n\t\t\t\t\t\t<div class=\"elementor-element elementor-element-540b6af elementor-widget elementor-widget-text-editor\" data-id=\"540b6af\" data-element_type=\"widget\" data-widget_type=\"text-editor.default\">\n\t\t\t\t<div class=\"elementor-widget-container\">\n\t\t\t\t\t\t\t\t\t<h3><strong>Missi\u00f3<\/strong><\/h3><p>Prestar un servei d&#8217;assist\u00e8ncia t\u00e8cnica ESPEC\u00cdFIC, ADAPTAT i de PROXIMITAT per a laboratoris i espais de recerca\u2026<\/p><ul><li>Amb PERSONAL T\u00c8CNIC d&#8217;alta qualificaci\u00f3, homologat i amb gran experi\u00e8ncia professional en diferents sectors i fabricants d&#8217;equips de laboratori;<\/li><li>Establint NOVES FORMES DE CONNEXI\u00d3 I TREBALL AMB LA NOSTRA CLIENTELA a trav\u00e9s d&#8217;acords i marcs de col\u00b7laboraci\u00f3 conjunts per a generar sinergies;<\/li><li>Aportant RESPOSTES I SOLUCIONS \u00c0GILS I A MESURA, per a un correcte \u00fas de l&#8217;equipament i la prevenci\u00f3 de possibles problemes futurs;<\/li><li>Tractant a la clientela d&#8217;una forma personalitzada, fent QUE EL SEU COMPROM\u00cdS SIGUI EL NOSTRE COMPROM\u00cdS.<\/li><\/ul><p>En definitiva, la nostra missi\u00f3 \u00e9s: cuidar del teu laboratori els 365 dies de l&#8217;any.<\/p><h3>\u00a0<\/h3><h3><strong>Visi\u00f3<\/strong><\/h3><p>Ser identificat com un servei referent de qualitat, sostenibilitat i professionalitat per al sector cient\u00edfic perqu\u00e8\u2026<\/p><ul><li><p>Ser identificat com un servei referent de qualitat, sostenibilitat i professionalitat per al sector cient\u00edfic perqu\u00e8\u2026<\/p><\/li><li><p>Som una organitzaci\u00f3 compromesa amb la sostenibilitat mediambiental; destaquem com una de les empreses pioneres a no usar gens de paper en tots els seus processos (empresa paperless), sent aix\u00ed m\u00e9s friendly amb el medi ambient i les emissions de CO\u2082;<\/p><\/li><li><p>Creiem en la diversitat i el talent de les persones: ens centrarem en treballar per a evitar els desequilibris existents en la pres\u00e8ncia de dones i homes en el nostre sector, i a promoure la diversitat dels equips cient\u00edfics;<\/p><\/li><li><p>Volem apostar per un sector de la recerca i una ci\u00e8ncia que cuidi als seus professionals, i aposti per la qualitat i dignificaci\u00f3 del seu \u00fas;<\/p><\/li><li><p>I volem secundar i sentir-nos una pe\u00e7a clau i compromesa en els processos i productes que generi la ci\u00e8ncia i la recerca per a aconseguir una societat m\u00e9s equilibrada i justa, per al que apostarem per incorporar en el nostre equip a persones amb talent, valors, inspiradores i que persegueixin la millora cont\u00ednua.<\/p><p>\u00a0<\/p><\/li><\/ul>\t\t\t\t\t\t\t\t<\/div>\n\t\t\t\t<\/div>\n\t\t\t\t\t<\/div>\n\t\t<\/div>\n\t\t\t\t\t<\/div>\n\t\t<\/section>\n\t\t\t\t<\/div>\n\t\t","protected":false},"excerpt":{"rendered":"<p>Missi\u00f3 Prestar un servei d&#8217;assist\u00e8ncia t\u00e8cnica ESPEC\u00cdFIC, ADAPTAT i de PROXIMITAT per a laboratoris i espais de recerca\u2026 Amb PERSONAL T\u00c8CNIC d&#8217;alta qualificaci\u00f3, homologat i amb gran experi\u00e8ncia professional en diferents sectors i fabricants d&#8217;equips de laboratori; Establint NOVES FORMES DE CONNEXI\u00d3 I TREBALL AMB LA NOSTRA CLIENTELA a trav\u00e9s d&#8217;acords i marcs de col\u00b7laboraci\u00f3 [&hellip;]<\/p>\n","protected":false},"author":1,"featured_media":0,"parent":3242,"menu_order":0,"comment_status":"closed","ping_status":"closed","template":"","meta":{"footnotes":""},"class_list":["post-3320","page","type-page","status-publish","hentry"],"yoast_head":"<!-- This site is optimized with the Yoast SEO plugin v26.6 - https:\/\/yoast.com\/wordpress\/plugins\/seo\/ -->\n<title>Missi\u00f3 | Vissi\u00f3 - Lab Care 365 S.L.<\/title>\n<meta name=\"description\" content=\"Des de LabCare365 prestem un servei d&#039;assist\u00e8ncia t\u00e8cnica ESPEC\u00cdFIC, ADAPTAT i de PROXIMITAT per a laboratoris i espais de recerca\u2026\" \/>\n<meta name=\"robots\" content=\"index, follow, max-snippet:-1, max-image-preview:large, max-video-preview:-1\" \/>\n<link rel=\"canonical\" href=\"https:\/\/labcare365.com\/?page_id=3320\" \/>\n<meta property=\"og:locale\" content=\"es_ES\" \/>\n<meta property=\"og:type\" content=\"article\" \/>\n<meta property=\"og:title\" content=\"Missi\u00f3 | Vissi\u00f3 - Lab Care 365 S.L.\" \/>\n<meta property=\"og:description\" content=\"Des de LabCare365 prestem un servei d&#039;assist\u00e8ncia t\u00e8cnica ESPEC\u00cdFIC, ADAPTAT i de PROXIMITAT per a laboratoris i espais de recerca\u2026\" \/>\n<meta property=\"og:url\" content=\"https:\/\/labcare365.com\/?page_id=3320\" \/>\n<meta property=\"og:site_name\" content=\"Lab Care 365 S.L.\" \/>\n<meta property=\"article:publisher\" content=\"https:\/\/www.facebook.com\/profile.php?id=100082110493705\" \/>\n<meta property=\"article:modified_time\" content=\"2025-07-15T07:53:47+00:00\" \/>\n<meta property=\"og:image\" content=\"https:\/\/labcare365.com\/wp-content\/uploads\/2025\/10\/logLC365-seo.png\" \/>\n\t<meta property=\"og:image:width\" content=\"1200\" \/>\n\t<meta property=\"og:image:height\" content=\"675\" \/>\n\t<meta property=\"og:image:type\" content=\"image\/png\" \/>\n<meta name=\"twitter:card\" content=\"summary_large_image\" \/>\n<meta name=\"twitter:label1\" content=\"Tiempo de lectura\" \/>\n\t<meta name=\"twitter:data1\" content=\"2 minutos\" \/>\n<script type=\"application\/ld+json\" class=\"yoast-schema-graph\">{\"@context\":\"https:\/\/schema.org\",\"@graph\":[{\"@type\":\"WebPage\",\"@id\":\"https:\/\/labcare365.com\/?page_id=3320\",\"url\":\"https:\/\/labcare365.com\/?page_id=3320\",\"name\":\"Missi\u00f3 | Vissi\u00f3 - Lab Care 365 S.L.\",\"isPartOf\":{\"@id\":\"https:\/\/labcare365.com\/#website\"},\"datePublished\":\"2024-09-27T08:44:11+00:00\",\"dateModified\":\"2025-07-15T07:53:47+00:00\",\"description\":\"Des de LabCare365 prestem un servei d'assist\u00e8ncia t\u00e8cnica ESPEC\u00cdFIC, ADAPTAT i de PROXIMITAT per a laboratoris i espais de recerca\u2026\",\"breadcrumb\":{\"@id\":\"https:\/\/labcare365.com\/?page_id=3320#breadcrumb\"},\"inLanguage\":\"es\",\"potentialAction\":[{\"@type\":\"ReadAction\",\"target\":[\"https:\/\/labcare365.com\/?page_id=3320\"]}]},{\"@type\":\"BreadcrumbList\",\"@id\":\"https:\/\/labcare365.com\/?page_id=3320#breadcrumb\",\"itemListElement\":[{\"@type\":\"ListItem\",\"position\":1,\"name\":\"Portada\",\"item\":\"https:\/\/labcare365.com\/\"},{\"@type\":\"ListItem\",\"position\":2,\"name\":\"Som\",\"item\":\"https:\/\/labcare365.com\/?page_id=3242\"},{\"@type\":\"ListItem\",\"position\":3,\"name\":\"Missi\u00f3 | Vissi\u00f3\"}]},{\"@type\":\"WebSite\",\"@id\":\"https:\/\/labcare365.com\/#website\",\"url\":\"https:\/\/labcare365.com\/\",\"name\":\"labcare365.com\",\"description\":\"Lab Care 365 S.L. - Servicio t\u00e9cnico de laboratorio\",\"publisher\":{\"@id\":\"https:\/\/labcare365.com\/#organization\"},\"potentialAction\":[{\"@type\":\"SearchAction\",\"target\":{\"@type\":\"EntryPoint\",\"urlTemplate\":\"https:\/\/labcare365.com\/?s={search_term_string}\"},\"query-input\":{\"@type\":\"PropertyValueSpecification\",\"valueRequired\":true,\"valueName\":\"search_term_string\"}}],\"inLanguage\":\"es\"},{\"@type\":\"Organization\",\"@id\":\"https:\/\/labcare365.com\/#organization\",\"name\":\"labcare 365 s.l.\",\"alternateName\":\"Servicio t\u00e9cnico de laboratorio\",\"url\":\"https:\/\/labcare365.com\/\",\"logo\":{\"@type\":\"ImageObject\",\"inLanguage\":\"es\",\"@id\":\"https:\/\/labcare365.com\/#\/schema\/logo\/image\/\",\"url\":\"https:\/\/labcare365.com\/wp-content\/uploads\/2023\/05\/cropped-icoLABcare365.png\",\"contentUrl\":\"https:\/\/labcare365.com\/wp-content\/uploads\/2023\/05\/cropped-icoLABcare365.png\",\"width\":512,\"height\":512,\"caption\":\"labcare 365 s.l.\"},\"image\":{\"@id\":\"https:\/\/labcare365.com\/#\/schema\/logo\/image\/\"},\"sameAs\":[\"https:\/\/www.facebook.com\/profile.php?id=100082110493705\",\"https:\/\/www.linkedin.com\/company\/labcare365\/\"]}]}<\/script>\n<!-- \/ Yoast SEO plugin. -->","yoast_head_json":{"title":"Missi\u00f3 | Vissi\u00f3 - Lab Care 365 S.L.","description":"Des de LabCare365 prestem un servei d'assist\u00e8ncia t\u00e8cnica ESPEC\u00cdFIC, ADAPTAT i de PROXIMITAT per a laboratoris i espais de recerca\u2026","robots":{"index":"index","follow":"follow","max-snippet":"max-snippet:-1","max-image-preview":"max-image-preview:large","max-video-preview":"max-video-preview:-1"},"canonical":"https:\/\/labcare365.com\/?page_id=3320","og_locale":"es_ES","og_type":"article","og_title":"Missi\u00f3 | Vissi\u00f3 - Lab Care 365 S.L.","og_description":"Des de LabCare365 prestem un servei d'assist\u00e8ncia t\u00e8cnica ESPEC\u00cdFIC, ADAPTAT i de PROXIMITAT per a laboratoris i espais de recerca\u2026","og_url":"https:\/\/labcare365.com\/?page_id=3320","og_site_name":"Lab Care 365 S.L.","article_publisher":"https:\/\/www.facebook.com\/profile.php?id=100082110493705","article_modified_time":"2025-07-15T07:53:47+00:00","og_image":[{"width":1200,"height":675,"url":"https:\/\/labcare365.com\/wp-content\/uploads\/2025\/10\/logLC365-seo.png","type":"image\/png"}],"twitter_card":"summary_large_image","twitter_misc":{"Tiempo de lectura":"2 minutos"},"schema":{"@context":"https:\/\/schema.org","@graph":[{"@type":"WebPage","@id":"https:\/\/labcare365.com\/?page_id=3320","url":"https:\/\/labcare365.com\/?page_id=3320","name":"Missi\u00f3 | Vissi\u00f3 - Lab Care 365 S.L.","isPartOf":{"@id":"https:\/\/labcare365.com\/#website"},"datePublished":"2024-09-27T08:44:11+00:00","dateModified":"2025-07-15T07:53:47+00:00","description":"Des de LabCare365 prestem un servei d'assist\u00e8ncia t\u00e8cnica ESPEC\u00cdFIC, ADAPTAT i de PROXIMITAT per a laboratoris i espais de recerca\u2026","breadcrumb":{"@id":"https:\/\/labcare365.com\/?page_id=3320#breadcrumb"},"inLanguage":"es","potentialAction":[{"@type":"ReadAction","target":["https:\/\/labcare365.com\/?page_id=3320"]}]},{"@type":"BreadcrumbList","@id":"https:\/\/labcare365.com\/?page_id=3320#breadcrumb","itemListElement":[{"@type":"ListItem","position":1,"name":"Portada","item":"https:\/\/labcare365.com\/"},{"@type":"ListItem","position":2,"name":"Som","item":"https:\/\/labcare365.com\/?page_id=3242"},{"@type":"ListItem","position":3,"name":"Missi\u00f3 | Vissi\u00f3"}]},{"@type":"WebSite","@id":"https:\/\/labcare365.com\/#website","url":"https:\/\/labcare365.com\/","name":"labcare365.com","description":"Lab Care 365 S.L. - Servicio t\u00e9cnico de laboratorio","publisher":{"@id":"https:\/\/labcare365.com\/#organization"},"potentialAction":[{"@type":"SearchAction","target":{"@type":"EntryPoint","urlTemplate":"https:\/\/labcare365.com\/?s={search_term_string}"},"query-input":{"@type":"PropertyValueSpecification","valueRequired":true,"valueName":"search_term_string"}}],"inLanguage":"es"},{"@type":"Organization","@id":"https:\/\/labcare365.com\/#organization","name":"labcare 365 s.l.","alternateName":"Servicio t\u00e9cnico de laboratorio","url":"https:\/\/labcare365.com\/","logo":{"@type":"ImageObject","inLanguage":"es","@id":"https:\/\/labcare365.com\/#\/schema\/logo\/image\/","url":"https:\/\/labcare365.com\/wp-content\/uploads\/2023\/05\/cropped-icoLABcare365.png","contentUrl":"https:\/\/labcare365.com\/wp-content\/uploads\/2023\/05\/cropped-icoLABcare365.png","width":512,"height":512,"caption":"labcare 365 s.l."},"image":{"@id":"https:\/\/labcare365.com\/#\/schema\/logo\/image\/"},"sameAs":["https:\/\/www.facebook.com\/profile.php?id=100082110493705","https:\/\/www.linkedin.com\/company\/labcare365\/"]}]}},"_links":{"self":[{"href":"https:\/\/labcare365.com\/index.php?rest_route=\/wp\/v2\/pages\/3320","targetHints":{"allow":["GET"]}}],"collection":[{"href":"https:\/\/labcare365.com\/index.php?rest_route=\/wp\/v2\/pages"}],"about":[{"href":"https:\/\/labcare365.com\/index.php?rest_route=\/wp\/v2\/types\/page"}],"author":[{"embeddable":true,"href":"https:\/\/labcare365.com\/index.php?rest_route=\/wp\/v2\/users\/1"}],"replies":[{"embeddable":true,"href":"https:\/\/labcare365.com\/index.php?rest_route=%2Fwp%2Fv2%2Fcomments&post=3320"}],"version-history":[{"count":4,"href":"https:\/\/labcare365.com\/index.php?rest_route=\/wp\/v2\/pages\/3320\/revisions"}],"predecessor-version":[{"id":3324,"href":"https:\/\/labcare365.com\/index.php?rest_route=\/wp\/v2\/pages\/3320\/revisions\/3324"}],"up":[{"embeddable":true,"href":"https:\/\/labcare365.com\/index.php?rest_route=\/wp\/v2\/pages\/3242"}],"wp:attachment":[{"href":"https:\/\/labcare365.com\/index.php?rest_route=%2Fwp%2Fv2%2Fmedia&parent=3320"}],"curies":[{"name":"wp","href":"https:\/\/api.w.org\/{rel}","templated":true}]}}